{"id":62,"date":"2021-12-22T11:50:45","date_gmt":"2021-12-22T10:50:45","guid":{"rendered":"http:\/\/test.akwg.rwth-aachen.de\/html\/?page_id=62"},"modified":"2021-12-22T12:15:48","modified_gmt":"2021-12-22T11:15:48","slug":"selbstverstaendnis","status":"publish","type":"page","link":"https:\/\/akwg.rwth-aachen.de\/?page_id=62","title":{"rendered":"Ziel &#038; Konzeption"},"content":{"rendered":"\n<p>Der T\u00e4tigkeitsbereich des Aachener Kompetenzzentrums Wissenschaftsgeschichte (AKWG) erstreckt sich auf allgemein wissenschaftshistorische sowie im speziellen medizin-, technik- und naturwissenschaftsgeschichtliche Gegenst\u00e4nde.<\/p>\n\n\n\n<p>Die Komplexit\u00e4t sowie die Vielschichtigkeit der zwischen Geschichte und Einzelwissenschaften oszillierenden Fragestellungen macht eine Zusammenarbeit unterschiedlicher Disziplinen \u00fcber traditionelle Disziplinengrenzen hinweg notwendig.<\/p>\n\n\n\n<p>Die Aufgabe des Aachener Kompetenzzentrumszentrums besteht darin, die verschiedenen an der RWTH Aachen mit wissenschaftsgeschichtlichen Unternehmungen befassten Wissenschaftler und Institute zu gemeinsamen Projekten zusammenzuf\u00fchren, die Forschung durch den interdisziplin\u00e4ren Austausch und durch die Diskussion mit externen Forschern zu f\u00f6rdern sowie die Ergebnisse f\u00fcr die Lehre fruchtbar zu machen.<\/p>\n","protected":false},"excerpt":{"rendered":"<p>Der T\u00e4tigkeitsbereich des Aachener Kompetenzzentrums Wissenschaftsgeschichte (AKWG) erstreckt sich auf allgemein wissenschaftshistorische sowie im speziellen medizin-, technik- und naturwissenschaftsgeschichtliche Gegenst\u00e4nde. Die Komplexit\u00e4t sowie die Vielschichtigkeit der zwischen Geschichte und Einzelwissenschaften oszillierenden Fragestellungen macht eine Zusammenarbeit unterschiedlicher Disziplinen \u00fcber traditionelle Disziplinengrenzen hinweg notwendig. Die Aufgabe des Aachener Kompetenzzentrumszentrums besteht darin, die verschiedenen an der RWTH Aachen &hellip;<\/p>\n<p class=\"read-more\"> <a class=\"\" href=\"https:\/\/akwg.rwth-aachen.de\/?page_id=62\"> <span class=\"screen-reader-text\">Ziel &#038; Konzeption<\/span> Weiterlesen &raquo;<\/a><\/p>\n","protected":false},"author":1,"featured_media":0,"parent":0,"menu_order":0,"comment_status":"closed","ping_status":"closed","template":"","meta":{"site-sidebar-layout":"default","site-content-layout":"default","ast-main-header-display":"","ast-hfb-above-header-display":"","ast-hfb-below-header-display":"","ast-hfb-mobile-header-display":"","site-post-title":"","ast-breadcrumbs-content":"","ast-featured-img":"","footer-sml-layout":"","theme-transparent-header-meta":"","adv-header-id-meta":"","stick-header-meta":"","header-above-stick-meta":"","header-main-stick-meta":"","header-below-stick-meta":"","footnotes":""},"class_list":["post-62","page","type-page","status-publish","hentry"],"_links":{"self":[{"href":"https:\/\/akwg.rwth-aachen.de\/index.php?rest_route=\/wp\/v2\/pages\/62","targetHints":{"allow":["GET"]}}],"collection":[{"href":"https:\/\/akwg.rwth-aachen.de\/index.php?rest_route=\/wp\/v2\/pages"}],"about":[{"href":"https:\/\/akwg.rwth-aachen.de\/index.php?rest_route=\/wp\/v2\/types\/page"}],"author":[{"embeddable":true,"href":"https:\/\/akwg.rwth-aachen.de\/index.php?rest_route=\/wp\/v2\/users\/1"}],"replies":[{"embeddable":true,"href":"https:\/\/akwg.rwth-aachen.de\/index.php?rest_route=%2Fwp%2Fv2%2Fcomments&post=62"}],"version-history":[{"count":3,"href":"https:\/\/akwg.rwth-aachen.de\/index.php?rest_route=\/wp\/v2\/pages\/62\/revisions"}],"predecessor-version":[{"id":118,"href":"https:\/\/akwg.rwth-aachen.de\/index.php?rest_route=\/wp\/v2\/pages\/62\/revisions\/118"}],"wp:attachment":[{"href":"https:\/\/akwg.rwth-aachen.de\/index.php?rest_route=%2Fwp%2Fv2%2Fmedia&parent=62"}],"curies":[{"name":"wp","href":"https:\/\/api.w.org\/{rel}","templated":true}]}}