{"id":570,"date":"2022-03-19T18:15:39","date_gmt":"2022-03-19T17:15:39","guid":{"rendered":"https:\/\/test.akwg.rwth-aachen.de\/?page_id=570"},"modified":"2022-03-19T18:37:46","modified_gmt":"2022-03-19T17:37:46","slug":"8-akwg-tag-der-wissenschaftsgeschichte-2014","status":"publish","type":"page","link":"https:\/\/akwg.rwth-aachen.de\/?page_id=570","title":{"rendered":"8. AKWG-Tag der Wissenschaftsgeschichte [2014]"},"content":{"rendered":"\n<p class=\"has-ast-global-color-6-background-color has-background\"><strong>8. Aachener Tag der Wissenschaftsgeschichte<\/strong><br><br>\u201eKrieg der Ingenieure\u201c? Der Erste Weltkrieg in Technik und Wissenschaft<br><br>Wann: Freitag, 14. November 2014<br><br>Ort: Haus L\u00f6wenstein, Markt 39, 52062 Aachen<br><br>Veranstalter: Lehr- und Forschungsgebiet Wirtschafts-, Sozial- und Technologiegeschichte in Kooperation mit dem Aachener Kompetenzzentrum f\u00fcr Wissenschaftsgeschichte (Sprecher: Univ.-Prof. Dr. mult. Dominik Gro\u00df)<br><br>Der Erste Weltkrieg gilt als Wendepunkt hin zu einer Technisierung und Verwissenschaftlichung des Krieges und zur Mobilisierung von Forschung und Hochschulen f\u00fcr milit\u00e4rische Zwecke. Im Gedenkjahr 2014 nimmt der \u201eAachener Tag der Wissenschaftsgeschichte\u201c diese Wechselbeziehungen n\u00e4her in den Blick.<br><br>Programm\u00fcbersicht und weiterf\u00fchrende Informationen: 8. AKWG-Tag [pdf, 340 KB].<\/p>\n","protected":false},"excerpt":{"rendered":"<p>8. Aachener Tag der Wissenschaftsgeschichte \u201eKrieg der Ingenieure\u201c? Der Erste Weltkrieg in Technik und Wissenschaft Wann: Freitag, 14. November 2014 Ort: Haus L\u00f6wenstein, Markt 39, 52062 Aachen Veranstalter: Lehr- und Forschungsgebiet Wirtschafts-, Sozial- und Technologiegeschichte in Kooperation mit dem Aachener Kompetenzzentrum f\u00fcr Wissenschaftsgeschichte (Sprecher: Univ.-Prof. Dr. mult. Dominik Gro\u00df) Der Erste Weltkrieg gilt als Wendepunkt &hellip;<\/p>\n<p class=\"read-more\"> <a class=\"\" href=\"https:\/\/akwg.rwth-aachen.de\/?page_id=570\"> <span class=\"screen-reader-text\">8. AKWG-Tag der Wissenschaftsgeschichte [2014]<\/span> Weiterlesen &raquo;<\/a><\/p>\n","protected":false},"author":1,"featured_media":0,"parent":0,"menu_order":0,"comment_status":"closed","ping_status":"closed","template":"","meta":{"site-sidebar-layout":"default","site-content-layout":"default","ast-main-header-display":"","ast-hfb-above-header-display":"","ast-hfb-below-header-display":"","ast-hfb-mobile-header-display":"","site-post-title":"","ast-breadcrumbs-content":"","ast-featured-img":"","footer-sml-layout":"","theme-transparent-header-meta":"","adv-header-id-meta":"","stick-header-meta":"","header-above-stick-meta":"","header-main-stick-meta":"","header-below-stick-meta":"","footnotes":""},"class_list":["post-570","page","type-page","status-publish","hentry"],"_links":{"self":[{"href":"https:\/\/akwg.rwth-aachen.de\/index.php?rest_route=\/wp\/v2\/pages\/570","targetHints":{"allow":["GET"]}}],"collection":[{"href":"https:\/\/akwg.rwth-aachen.de\/index.php?rest_route=\/wp\/v2\/pages"}],"about":[{"href":"https:\/\/akwg.rwth-aachen.de\/index.php?rest_route=\/wp\/v2\/types\/page"}],"author":[{"embeddable":true,"href":"https:\/\/akwg.rwth-aachen.de\/index.php?rest_route=\/wp\/v2\/users\/1"}],"replies":[{"embeddable":true,"href":"https:\/\/akwg.rwth-aachen.de\/index.php?rest_route=%2Fwp%2Fv2%2Fcomments&post=570"}],"version-history":[{"count":2,"href":"https:\/\/akwg.rwth-aachen.de\/index.php?rest_route=\/wp\/v2\/pages\/570\/revisions"}],"predecessor-version":[{"id":611,"href":"https:\/\/akwg.rwth-aachen.de\/index.php?rest_route=\/wp\/v2\/pages\/570\/revisions\/611"}],"wp:attachment":[{"href":"https:\/\/akwg.rwth-aachen.de\/index.php?rest_route=%2Fwp%2Fv2%2Fmedia&parent=570"}],"curies":[{"name":"wp","href":"https:\/\/api.w.org\/{rel}","templated":true}]}}