{"id":552,"date":"2022-03-19T18:13:08","date_gmt":"2022-03-19T17:13:08","guid":{"rendered":"https:\/\/test.akwg.rwth-aachen.de\/?page_id=552"},"modified":"2022-03-19T18:57:36","modified_gmt":"2022-03-19T17:57:36","slug":"interdisziplinaeres-symposium-2007","status":"publish","type":"page","link":"https:\/\/akwg.rwth-aachen.de\/?page_id=552","title":{"rendered":"Interdisziplin\u00e4res Symposium [2007]"},"content":{"rendered":"\n<p class=\"has-ast-global-color-6-background-color has-background\"><strong>Interdisziplin\u00e4res Symposium<\/strong><br><br><strong>Entwicklungen, Konzepte und Tendenzen (medizin-)technischer L\u00f6sungen im Gesundheitswesen<\/strong><br><br>Interdisziplin\u00e4res Symposium<br>Gef\u00f6rdert von der Thyssen-Stiftung<br><br><strong>Zeitpunkt<\/strong><br><strong>Freitag, 19. Januar 2007 (eint\u00e4giger Kreativ-Workshop)<\/strong><br><br><strong>Ort<\/strong><br>Forschungsinstitut f\u00fcr Rationalisierung (FIR)<br>Pontdriesch 14\/16<br>52062 Aachen<br><strong>Wissenschaftliche Leitung<\/strong><br><br>Univ.-Prof. Dr. med. Dr. med. dent. Dr. phil. Dominik Gro\u00df<br>Univ.-Prof&#8217;in Dr. phil. Eva-Maria Jakobs<\/p>\n\n\n\n<p class=\"has-ast-global-color-6-background-color has-background\"><strong>Wissenschaftliche Zielsetzung<\/strong><br><br>Das Symposium dient dem Austausch unter Experten auf dem interdisziplin\u00e4ren Feld der Technikentwicklung im Gesundheitswesen. Es m\u00f6chte Wissenschaftler zusammenbringen, die aus unterschiedlichen fachlichen Perspektiven (Kommunikationswissenschaft, Medizinethik, Medizintechnik, Gesundheits\u00f6konomie, Informatik) und mit verschiedenen Schwerpunktsetzungen auf dem Feld arbeiten. Die Eingeladenen gelten als exzellent auf ihrem Gebiet, bisher fehlen jedoch Ans\u00e4tze, in denen verschiedene Forschungslagen und -befunde systematisch zusammengebracht und aufeinander bezogen sowie unter gemeinsamen Fragestellungen (weiter-) diskutiert werden, etwa unter der Frage der Folgen, Chancen und Risiken einer zunehmend technisierten Medizin (vgl. acatech SYMPOSIUM 2005 &#8222;Wachstum durch innovative Gesundheitstechnologien&#8220;)*.<br><br>Das Symposium intendiert die Bildung eines Forschungsnetzwerks. Es liefert einen interdisziplin\u00e4ren \u00dcberblick, bildet den Forschungsstand ab und versucht auf diese Weise, die Forschungslandschaft abzustecken und relevante Themen zu erurieren. Mit Blick auf zuk\u00fcnftige Entwicklungen erhebt das Symposium Forschungs- und Beratungs-, aber auch den Ausbildungsbedarf, der aus den ver\u00e4nderten Anforderungen resultiert, sowie m\u00f6gliche Gegenst\u00e4nde des an der RWTH Aachen geplanten Zukunftslabors (vgl. Projekt TEKLA )*. Ziel ist es, Entwicklungen antizipierend zu erfassen und zu reflektieren. In diesem Sinne versteht sich das Symposium auch als &#8222;innovatives Brainstorming&#8220;.<br><br>Das Symposium m\u00f6chte im interdisziplin\u00e4ren Dialog Fragen, Probleme und Tendenzen an der Nahtstelle von Medizintechnik, Technik-Kommunikation und Medizinethik definieren und ein noch junges Forschungsfeld sondieren. Die Ergebnisse des Symposiums sollen publiziert werden.<\/p>\n","protected":false},"excerpt":{"rendered":"<p>Interdisziplin\u00e4res Symposium Entwicklungen, Konzepte und Tendenzen (medizin-)technischer L\u00f6sungen im Gesundheitswesen Interdisziplin\u00e4res SymposiumGef\u00f6rdert von der Thyssen-Stiftung ZeitpunktFreitag, 19. Januar 2007 (eint\u00e4giger Kreativ-Workshop) OrtForschungsinstitut f\u00fcr Rationalisierung (FIR)Pontdriesch 14\/1652062 AachenWissenschaftliche Leitung Univ.-Prof. Dr. med. Dr. med. dent. Dr. phil. Dominik Gro\u00dfUniv.-Prof&#8217;in Dr. phil. Eva-Maria Jakobs Wissenschaftliche Zielsetzung Das Symposium dient dem Austausch unter Experten auf dem interdisziplin\u00e4ren Feld &hellip;<\/p>\n<p class=\"read-more\"> <a class=\"\" href=\"https:\/\/akwg.rwth-aachen.de\/?page_id=552\"> <span class=\"screen-reader-text\">Interdisziplin\u00e4res Symposium [2007]<\/span> Weiterlesen &raquo;<\/a><\/p>\n","protected":false},"author":1,"featured_media":0,"parent":0,"menu_order":0,"comment_status":"closed","ping_status":"closed","template":"","meta":{"site-sidebar-layout":"default","site-content-layout":"default","ast-main-header-display":"","ast-hfb-above-header-display":"","ast-hfb-below-header-display":"","ast-hfb-mobile-header-display":"","site-post-title":"","ast-breadcrumbs-content":"","ast-featured-img":"","footer-sml-layout":"","theme-transparent-header-meta":"","adv-header-id-meta":"","stick-header-meta":"","header-above-stick-meta":"","header-main-stick-meta":"","header-below-stick-meta":"","footnotes":""},"class_list":["post-552","page","type-page","status-publish","hentry"],"_links":{"self":[{"href":"https:\/\/akwg.rwth-aachen.de\/index.php?rest_route=\/wp\/v2\/pages\/552","targetHints":{"allow":["GET"]}}],"collection":[{"href":"https:\/\/akwg.rwth-aachen.de\/index.php?rest_route=\/wp\/v2\/pages"}],"about":[{"href":"https:\/\/akwg.rwth-aachen.de\/index.php?rest_route=\/wp\/v2\/types\/page"}],"author":[{"embeddable":true,"href":"https:\/\/akwg.rwth-aachen.de\/index.php?rest_route=\/wp\/v2\/users\/1"}],"replies":[{"embeddable":true,"href":"https:\/\/akwg.rwth-aachen.de\/index.php?rest_route=%2Fwp%2Fv2%2Fcomments&post=552"}],"version-history":[{"count":2,"href":"https:\/\/akwg.rwth-aachen.de\/index.php?rest_route=\/wp\/v2\/pages\/552\/revisions"}],"predecessor-version":[{"id":624,"href":"https:\/\/akwg.rwth-aachen.de\/index.php?rest_route=\/wp\/v2\/pages\/552\/revisions\/624"}],"wp:attachment":[{"href":"https:\/\/akwg.rwth-aachen.de\/index.php?rest_route=%2Fwp%2Fv2%2Fmedia&parent=552"}],"curies":[{"name":"wp","href":"https:\/\/api.w.org\/{rel}","templated":true}]}}