{"id":397,"date":"2022-03-17T16:20:31","date_gmt":"2022-03-17T15:20:31","guid":{"rendered":"http:\/\/test.akwg.rwth-aachen.de\/?page_id=397"},"modified":"2025-03-18T15:31:09","modified_gmt":"2025-03-18T14:31:09","slug":"gender-schafft-wissen-wissenschaft-gender-geschlechtsspezifische-unterscheidungen-und-rollenzuschreibungen-im-wandel-der-zeit","status":"publish","type":"page","link":"https:\/\/akwg.rwth-aachen.de\/?page_id=397","title":{"rendered":"Gender schafft Wissen &#8211; Wissenschaft Gender? Geschlechtsspezifische Unterscheidungen und Rollenzuschreibungen im Wandel der Zeit"},"content":{"rendered":"\n<div class=\"wp-block-columns is-layout-flex wp-container-core-columns-is-layout-9d6595d7 wp-block-columns-is-layout-flex\">\n<div class=\"wp-block-column is-layout-flow wp-block-column-is-layout-flow\">\n<p class=\"has-ast-global-color-6-background-color has-background\"><strong>Domink Gro\u00df (Hrsg.),<\/strong><br><br><strong>Gender schafft Wissen &#8211; Wissenschaft Gender? Geschlechtsspezifische Unterscheidungen und Rollenzuschreibungen im Wandel der Zeit (= Studien des AKWG, 4), kassel university press: Kassel 2008 (ISBN: 978-3-89958-449-3)<\/strong><br><br>Der vorliegende Buchband beruht in wesentlichen Teilen auf den Referaten und Diskussionsbeitr\u00e4gen des Aachener &#8222;Tags der Wissenschaftsgeschichte&#8220;, der sich im Juni 2008 unter dem Motto &#8222;Gender schafft Wissen &#8211; Wissenschaft Gender?&#8220; mit historischen, gegenw\u00e4rtigen und k\u00fcnftigen Rollen von Frauen in den Wissenschaften besch\u00e4ftigte. Die vom &#8222;Aachener Kompetenzzentrum f\u00fcr Wissenschaftsgeschichte (AKWG)&#8220; in Kooperation mit dem Rektorat und der Stabstelle &#8222;Integration Team &#8211; Human Resources, Gender and Diversity Management (IGaD)&#8220; der RWTH Aachen veranstaltete Tagung verfolgte das Ziel, durch die Einbeziehung der historischen Perspektive das aktuelle Verh\u00e4ltnis von Gender und Wissenschaft besser beschreiben, verstehen und hinterfragen zu k\u00f6nnen. Dabei gingen die Veranstalter von der Annahme aus, dass gerade der Blick in die Vergangenheit ma\u00dfgeblich dazu beitragen kann, langfristige Entwicklungstendenzen herauszuarbeiten und Kontinuit\u00e4tslinien wie auch Diskontinuit\u00e4ten bzw. Br\u00fcche deutlicher hervortreten zu lassen.<br><br>Der Band verfolgt dementsprechend das Ziel, sowohl den Umgang mit als auch die Be\u00addeu\u00adtung von Frauen in den Wissenschaften &#8211; in den Forschungsschwerpunkten der RWTH Aachen, aber auch dar\u00fcber hinaus &#8211; zu verdeutlichen, Orientierungswissen bereit zu stellen und Ergebnisse zu liefern, die f\u00fcr anstehende F\u00f6rderinitiativen nutzbar gemacht werden k\u00f6nnen. Inhaltlich geht es in den Beitr\u00e4gen dieses Bandes um geschlechtsspezifische Unterschiede bzw. Unterscheidungen sowie um genderbez\u00fcgliche Rollenzuschreibungen, wobei das Gros der Autoren explizit die Wissenschaft als Bezugsgr\u00f6\u00dfe bzw. als Anwendungsfeld gew\u00e4hlt hat.<\/p>\n<\/div>\n<\/div>\n","protected":false},"excerpt":{"rendered":"<p>Domink Gro\u00df (Hrsg.), Gender schafft Wissen &#8211; Wissenschaft Gender? Geschlechtsspezifische Unterscheidungen und Rollenzuschreibungen im Wandel der Zeit (= Studien des AKWG, 4), kassel university press: Kassel 2008 (ISBN: 978-3-89958-449-3) Der vorliegende Buchband beruht in wesentlichen Teilen auf den Referaten und Diskussionsbeitr\u00e4gen des Aachener &#8222;Tags der Wissenschaftsgeschichte&#8220;, der sich im Juni 2008 unter dem Motto &#8222;Gender &hellip;<\/p>\n<p class=\"read-more\"> <a class=\"\" href=\"https:\/\/akwg.rwth-aachen.de\/?page_id=397\"> <span class=\"screen-reader-text\">Gender schafft Wissen &#8211; Wissenschaft Gender? Geschlechtsspezifische Unterscheidungen und Rollenzuschreibungen im Wandel der Zeit<\/span> Weiterlesen &raquo;<\/a><\/p>\n","protected":false},"author":1,"featured_media":0,"parent":0,"menu_order":0,"comment_status":"closed","ping_status":"closed","template":"","meta":{"site-sidebar-layout":"default","site-content-layout":"default","ast-main-header-display":"","ast-hfb-above-header-display":"","ast-hfb-below-header-display":"","ast-hfb-mobile-header-display":"","site-post-title":"","ast-breadcrumbs-content":"","ast-featured-img":"","footer-sml-layout":"","theme-transparent-header-meta":"","adv-header-id-meta":"","stick-header-meta":"","header-above-stick-meta":"","header-main-stick-meta":"","header-below-stick-meta":"","footnotes":""},"class_list":["post-397","page","type-page","status-publish","hentry"],"_links":{"self":[{"href":"https:\/\/akwg.rwth-aachen.de\/index.php?rest_route=\/wp\/v2\/pages\/397","targetHints":{"allow":["GET"]}}],"collection":[{"href":"https:\/\/akwg.rwth-aachen.de\/index.php?rest_route=\/wp\/v2\/pages"}],"about":[{"href":"https:\/\/akwg.rwth-aachen.de\/index.php?rest_route=\/wp\/v2\/types\/page"}],"author":[{"embeddable":true,"href":"https:\/\/akwg.rwth-aachen.de\/index.php?rest_route=\/wp\/v2\/users\/1"}],"replies":[{"embeddable":true,"href":"https:\/\/akwg.rwth-aachen.de\/index.php?rest_route=%2Fwp%2Fv2%2Fcomments&post=397"}],"version-history":[{"count":3,"href":"https:\/\/akwg.rwth-aachen.de\/index.php?rest_route=\/wp\/v2\/pages\/397\/revisions"}],"predecessor-version":[{"id":823,"href":"https:\/\/akwg.rwth-aachen.de\/index.php?rest_route=\/wp\/v2\/pages\/397\/revisions\/823"}],"wp:attachment":[{"href":"https:\/\/akwg.rwth-aachen.de\/index.php?rest_route=%2Fwp%2Fv2%2Fmedia&parent=397"}],"curies":[{"name":"wp","href":"https:\/\/api.w.org\/{rel}","templated":true}]}}